ulate the greatest common factor of 3213 and 5559.
51
What is the greatest common divisor of 38512 and 1131?
29
What is the greatest common factor of 135 and 33480?
135
What is the highest common divisor of 38440 and 264120?
1240
Calculate the greatest common divisor of 9933 and 8987.
473
Calculate the greatest common divisor of 25700 and 5700.
100
What is the greatest common divisor of 15504 and 1425?
57
Calculate the highest common factor of 7600 and 684.
76
What is the greatest common divisor of 8778 and 528?
66
Calculate the greatest common divisor of 35 and 26395.
5
What is the highest common factor of 728807 and 34?
17
What is the highest common factor of 1177100 and 50?
50
Calculate the highest common factor of 128808 and 9.
9
What is the highest common divisor of 114231 and 87?
87
What is the highest common factor of 2470 and 24320?
190
What is the greatest common factor of 396 and 29876?
44
What is the highest common factor of 92 and 79258?
46
What is the highest common divisor of 52046 and 212?
106
Calculate the greatest common factor of 233896 and 208.
104
What is the highest common factor of 26 and 15998?
2
Calculate the highest common factor of 221673 and 57.
57
What is the highest common divisor of 35 and 42889?
7
What is the highest common factor of 1053 and 416?
13
Calculate the greatest common divisor of 53046 and 2016.
126
Calculate the highest common divisor of 172432 and 767.
13
What is the greatest common factor of 106 and 280?
2
What is the highest common factor of 47 and 314947?
47
What is the greatest common divisor of 8510 and 167670?
230
Calculate the highest common factor of 219 and 137459.
73
What is the highest common divisor of 2384 and 712?
8
What is the highest common divisor of 23240 and 420?
140
What is the greatest common divisor of 780152 and 9944?
904
What is the greatest common factor of 101205 and 117?
117
Calculate the highest common factor of 782871 and 531.
177
What is the highest common divisor of 9625 and 21945?
385
Calculate the greatest common divisor of 372908 and 159.
53
Calculate the highest common factor of 80 and 232850.
10
What is the highest common divisor of 361 and 382660?
361
Calculate the highest common divisor of 255 and 4165.
85
Calculate the greatest common factor of 4304 and 807.
269
Calculate the greatest common factor of 4904 and 1531274.
1226
Calculate the highest common factor of 18 and 17298.
18
What is the highest common divisor of 3965314 and 6190?
1238
What is the greatest common factor of 3228326 and 23?
23
Calculate the highest common factor of 82112 and 448.
64
What is the highest common divisor of 725 and 198505?
145
What is the greatest common factor of 420608 and 5300?
212
Calculate the greatest common divisor of 4376 and 16.
8
Calculate the highest common divisor of 8080 and 152.
8
What is the highest common divisor of 569 and 423?
1
Calculate the greatest common divisor of 33 and 265276.
11
What is the highest common factor of 680 and 12190?
10
What is the highest common divisor of 50876 and 133273?
553
Calculate the highest common divisor of 8960 and 10720.
160
Calculate the highest common factor of 805 and 29470.
35
What is the highest common factor of 5130 and 609330?
570
What is the highest common divisor of 433487 and 53?
53
What is the greatest common divisor of 1441076 and 182?
182
What is the greatest common divisor of 1269 and 419616?
423
Calculate the highest common divisor of 639136 and 32.
32
Calculate the greatest common factor of 18817 and 31.
31
What is the greatest common divisor of 4033 and 1813?
37
What is the highest common factor of 71 and 56587?
71
Calculate the highest common factor of 2794 and 1012.
22
What is the greatest common divisor of 35711 and 12259?
533
What is the highest common factor of 21504 and 140?
28
Calculate the greatest common factor of 249261 and 9.
3
Calculate the greatest common factor of 142236 and 24.
12
Calculate the highest common factor of 93 and 255285.
93
Calculate the greatest common divisor of 16 and 103264.
16
What is the greatest common factor of 304 and 25104?
16
Calculate the highest common factor of 208302 and 1192.
298
What is the greatest common divisor of 178 and 88822?
178
Calculate the greatest common factor of 28417 and 724.
181
What is the greatest common divisor of 631 and 1999639?
631
What is the highest common factor of 5235 and 75?
15
Calculate the greatest common divisor of 532 and 9422.
14
What is the greatest common divisor of 2061480 and 480?
120
What is the highest common factor of 7 and 544187?
7
Calculate the highest common divisor of 29997 and 22.
11
Calculate the highest common factor of 906 and 291430.
302
What is the highest common divisor of 508 and 5060188?
508
What is the greatest common factor of 43 and 383947?
43
Calculate the highest common divisor of 18377 and 102.
17
What is the highest common divisor of 44 and 255508?
44
Calculate the highest common factor of 1404681 and 86.
43
What is the highest common divisor of 24576864 and 96?
96
What is the highest common divisor of 49940 and 145?
5
What is the greatest common divisor of 1162 and 826?
14
What is the greatest common divisor of 422 and 1477?
211
Calculate the highest common divisor of 1326845 and 1370.
685
Calculate the highest common factor of 466 and 250.
2
Calculate the greatest common divisor of 7876 and 88.
44
What is the highest common factor of 16380 and 21385?
455
What is the highest common factor of 136 and 30158?
34
What is the highest common factor of 171512 and 88?
88
What is the greatest common divisor of 196381 and 129?
43
What is the greatest common factor of 24 and 7736568?
24
What is the highest common divisor of 88047 and 27?
27
Calculate the greatest common factor of 23079 and 51009.
147
Calculate the greatest common divisor of 126 and 466146.
18
Calculate the greatest common divisor of 11 and 251647.
11
Calculate the greatest common divisor of 51336 and 968.
8
Calculate the greatest common divisor of 2285 and 437806.
457
What is the greatest common divisor of 1785 and 1400?
35
What is the greatest common divisor of 742 and 143577?
371
What is the highest common divisor of 3242592 and 1152?
288
Calculate the highest common factor of 3755 and 208027.
751
Calculate the highest common factor of 1984 and 155712.
64
Calculate the highest common divisor of 1971 and 17685.
27
Calculate the greatest common divisor of 1647464 and 728.
728
Calculate the highest common factor of 912 and 297984.
48
Calculate the highest common factor of 3775 and 50.
25
What is the highest common divisor of 4059 and 90?
9
Calculate the highest common divisor of 1005 and 7184410.
335
Calculate the greatest common divisor of 7320 and 2760.
120
Calculate the greatest common divisor of 240 and 2030.
10
What is the highest common factor of 146013 and 1802?
17
What is the greatest common factor of 18476 and 372?
124
Calculate the greatest common divisor of 42250 and 159705.
845
What is the highest common divisor of 11 and 2984003?
11
What is the highest common factor of 92 and 1314289?
23
Calculate the greatest common factor of 435 and 4756.
29
What is the highest common factor of 6 and 1383?
3
Calculate the greatest common factor of 2172 and 5556.
12
Calculate the greatest common divisor of 10 and 37330.
10
What is the greatest common divisor of 144724 and 97?
97
What is the highest common divisor of 190 and 64942?
38
What is the highest common divisor of 48 and 13764?
12
Calculate the greatest common divisor of 7496 and 8.
8
What is the greatest common divisor of 2241 and 7387?
83
What is the greatest common factor of 444 and 93351?
111
What is the greatest common factor of 3696 and 87?
3
Calculate the highest common factor of 3 and 794.
1
Calculate the highest common divisor of 12 and 87060.
12
Calculate the greatest common divisor of 856 and 1819.
107
What is the highest common divisor of 186913 and 6398?
457
What is the greatest common divisor of 5311 and 1017?
113
What is the highest common factor of 150998 and 1030?
206
Calculate the highest common factor of 13 and 1599949.
13
Calculate the highest common factor of 11 and 1336005.
11
Calculate the greatest common divisor of 10684025 and 275.
275
What is the highest common divisor o